{"id":18,"date":"2021-04-16T17:49:17","date_gmt":"2021-04-16T15:49:17","guid":{"rendered":"http:\/\/diulbsi.cluster030.hosting.ovh.net\/?page_id=18"},"modified":"2021-08-20T19:06:31","modified_gmt":"2021-08-20T17:06:31","slug":"concours","status":"publish","type":"page","link":"https:\/\/www.intergeneraptions.fr\/index.php\/concours\/","title":{"rendered":"Concours"},"content":{"rendered":"\n<p>Apr\u00e8s un peu de retard pour des questions techniques, voici enfin les 6 sons retenus pour notre concours \u00ab\u00a0Open track saison 2\u00a0\u00bb. Chaque rappeur a du poser sur une prod du beatmaker Remz! <\/p>\n\n\n\n<p>A vous de choisir celui que vous pr\u00e9f\u00e9rez! Les votes sont possibles sur Twitter, Facebook et nous comptabiliserons \u00e9galement les likes de chaque titres sur YouTube! Voici les 6 titres:<\/p>\n\n\n\n<figure class=\"wp-block-embed is-type-video is-provider-youtube wp-block-embed-youtube wp-embed-aspect-16-9 wp-has-aspect-ratio\"><div class=\"wp-block-embed__wrapper\">\n<iframe title=\"Ennessone feat MK-Mon ombre\" width=\"580\" height=\"326\" src=\"https:\/\/www.youtube.com\/embed\/KZ829L28nAo?feature=oembed\" frameborder=\"0\" allow=\"accelerometer; autoplay; clipboard-write; encrypted-media; gyroscope; picture-in-picture\" allowfullscreen><\/iframe>\n<\/div><figcaption>MK X Enessone &#8211; MON OMBRE ( by kintsugi music) <\/figcaption><\/figure>\n\n\n\n<figure class=\"wp-block-embed is-type-video is-provider-youtube wp-block-embed-youtube wp-embed-aspect-16-9 wp-has-aspect-ratio\"><div class=\"wp-block-embed__wrapper\">\n<iframe title=\"Axel-mafia Blues\" width=\"580\" height=\"326\" src=\"https:\/\/www.youtube.com\/embed\/p3zuSCKftvM?feature=oembed\" frameborder=\"0\" allow=\"accelerometer; autoplay; clipboard-write; encrypted-media; gyroscope; picture-in-picture\" allowfullscreen><\/iframe>\n<\/div><figcaption>Axel &#8211; MAFIA BLUES<\/figcaption><\/figure>\n\n\n\n<figure class=\"wp-block-embed is-type-video is-provider-youtube wp-block-embed-youtube wp-embed-aspect-16-9 wp-has-aspect-ratio\"><div class=\"wp-block-embed__wrapper\">\n<iframe title=\"Guigz-Pariah\" width=\"580\" height=\"326\" src=\"https:\/\/www.youtube.com\/embed\/Ucv1Ohh0Fxw?feature=oembed\" frameborder=\"0\" allow=\"accelerometer; autoplay; clipboard-write; encrypted-media; gyroscope; picture-in-picture\" allowfullscreen><\/iframe>\n<\/div><figcaption>Guigz &#8211; PARIAH<\/figcaption><\/figure>\n\n\n\n<figure class=\"wp-block-embed is-type-video is-provider-youtube wp-block-embed-youtube wp-embed-aspect-16-9 wp-has-aspect-ratio\"><div class=\"wp-block-embed__wrapper\">\n<iframe title=\"Kestra-Askip\" width=\"580\" height=\"326\" src=\"https:\/\/www.youtube.com\/embed\/Dw6w_mpwqG4?feature=oembed\" frameborder=\"0\" allow=\"accelerometer; autoplay; clipboard-write; encrypted-media; gyroscope; picture-in-picture\" allowfullscreen><\/iframe>\n<\/div><figcaption>Kestra &#8211; ASKIP<\/figcaption><\/figure>\n\n\n\n<figure class=\"wp-block-embed is-type-video is-provider-youtube wp-block-embed-youtube wp-embed-aspect-16-9 wp-has-aspect-ratio\"><div class=\"wp-block-embed__wrapper\">\n<iframe title=\"Saiko-Mafia Blues\" width=\"580\" height=\"326\" src=\"https:\/\/www.youtube.com\/embed\/oMd0F1vr0V8?feature=oembed\" frameborder=\"0\" allow=\"accelerometer; autoplay; clipboard-write; encrypted-media; gyroscope; picture-in-picture\" allowfullscreen><\/iframe>\n<\/div><figcaption>Saiko &#8211; MAFIA BLUES<\/figcaption><\/figure>\n\n\n\n<figure class=\"wp-block-embed is-type-video is-provider-youtube wp-block-embed-youtube wp-embed-aspect-16-9 wp-has-aspect-ratio\"><div class=\"wp-block-embed__wrapper\">\n<iframe title=\"Koby-Basique\" width=\"580\" height=\"326\" src=\"https:\/\/www.youtube.com\/embed\/5rxAC-1DQDk?feature=oembed\" frameborder=\"0\" allow=\"accelerometer; autoplay; clipboard-write; encrypted-media; gyroscope; picture-in-picture\" allowfullscreen><\/iframe>\n<\/div><figcaption>Koby &#8211; BASIQUE<\/figcaption><\/figure>\n\n\n\n<p class=\"has-text-align-center\"><strong>A vos votes !!!<\/strong><\/p>\n","protected":false},"excerpt":{"rendered":"<p>Apr\u00e8s un peu de retard pour des questions techniques, voici enfin les 6 sons retenus pour notre concours \u00ab\u00a0Open track saison 2\u00a0\u00bb. Chaque rappeur a du poser sur une prod du beatmaker Remz! A vous de choisir celui que vous pr\u00e9f\u00e9rez! Les votes sont possibles sur Twitter, Facebook et nous comptabiliserons \u00e9galement les likes de [&hellip;]<\/p>\n","protected":false},"author":1,"featured_media":0,"parent":0,"menu_order":0,"comment_status":"closed","ping_status":"closed","template":"","meta":{"sfsi_plus_gutenberg_text_before_share":"","sfsi_plus_gutenberg_show_text_before_share":"","sfsi_plus_gutenberg_icon_type":"","sfsi_plus_gutenberg_icon_alignemt":"","sfsi_plus_gutenburg_max_per_row":""},"yoast_head":"<!-- This site is optimized with the Yoast SEO plugin v21.8.1 - https:\/\/yoast.com\/wordpress\/plugins\/seo\/ -->\n<title>Concours ~ Interg\u00e9n\u00e9RAPtions<\/title>\n<meta name=\"robots\" content=\"index, follow, max-snippet:-1, max-image-preview:large, max-video-preview:-1\" \/>\n<link rel=\"canonical\" href=\"https:\/\/www.intergeneraptions.fr\/index.php\/concours\/\" \/>\n<meta property=\"og:locale\" content=\"fr_FR\" \/>\n<meta property=\"og:type\" content=\"article\" \/>\n<meta property=\"og:title\" content=\"Concours ~ Interg\u00e9n\u00e9RAPtions\" \/>\n<meta property=\"og:description\" content=\"Apr\u00e8s un peu de retard pour des questions techniques, voici enfin les 6 sons retenus pour notre concours \u00ab\u00a0Open track saison 2\u00a0\u00bb. Chaque rappeur a du poser sur une prod du beatmaker Remz! A vous de choisir celui que vous pr\u00e9f\u00e9rez! Les votes sont possibles sur Twitter, Facebook et nous comptabiliserons \u00e9galement les likes de [&hellip;]\" \/>\n<meta property=\"og:url\" content=\"https:\/\/www.intergeneraptions.fr\/index.php\/concours\/\" \/>\n<meta property=\"og:site_name\" content=\"Interg\u00e9n\u00e9RAPtions\" \/>\n<meta property=\"article:publisher\" content=\"https:\/\/www.facebook.com\/groups\/356667288938395\/\" \/>\n<meta property=\"article:modified_time\" content=\"2021-08-20T17:06:31+00:00\" \/>\n<meta name=\"twitter:card\" content=\"summary_large_image\" \/>\n<meta name=\"twitter:site\" content=\"@geneRAPtions\" \/>\n<meta name=\"twitter:label1\" content=\"Dur\u00e9e de lecture estim\u00e9e\" \/>\n\t<meta name=\"twitter:data1\" content=\"1 minute\" \/>\n<script type=\"application\/ld+json\" class=\"yoast-schema-graph\">{\"@context\":\"https:\/\/schema.org\",\"@graph\":[{\"@type\":\"WebPage\",\"@id\":\"https:\/\/www.intergeneraptions.fr\/index.php\/concours\/\",\"url\":\"https:\/\/www.intergeneraptions.fr\/index.php\/concours\/\",\"name\":\"Concours ~ Interg\u00e9n\u00e9RAPtions\",\"isPartOf\":{\"@id\":\"https:\/\/www.intergeneraptions.fr\/#website\"},\"datePublished\":\"2021-04-16T15:49:17+00:00\",\"dateModified\":\"2021-08-20T17:06:31+00:00\",\"breadcrumb\":{\"@id\":\"https:\/\/www.intergeneraptions.fr\/index.php\/concours\/#breadcrumb\"},\"inLanguage\":\"fr-FR\",\"potentialAction\":[{\"@type\":\"ReadAction\",\"target\":[\"https:\/\/www.intergeneraptions.fr\/index.php\/concours\/\"]}]},{\"@type\":\"BreadcrumbList\",\"@id\":\"https:\/\/www.intergeneraptions.fr\/index.php\/concours\/#breadcrumb\",\"itemListElement\":[{\"@type\":\"ListItem\",\"position\":1,\"name\":\"Accueil\",\"item\":\"https:\/\/www.intergeneraptions.fr\/\"},{\"@type\":\"ListItem\",\"position\":2,\"name\":\"Concours\"}]},{\"@type\":\"WebSite\",\"@id\":\"https:\/\/www.intergeneraptions.fr\/#website\",\"url\":\"https:\/\/www.intergeneraptions.fr\/\",\"name\":\"Interg\u00e9n\u00e9RAPtions\",\"description\":\"Le rap, c\u2019\u00e9tait pas mieux avant ! C\u2019est mieux tout le temps !\",\"publisher\":{\"@id\":\"https:\/\/www.intergeneraptions.fr\/#organization\"},\"potentialAction\":[{\"@type\":\"SearchAction\",\"target\":{\"@type\":\"EntryPoint\",\"urlTemplate\":\"https:\/\/www.intergeneraptions.fr\/?s={search_term_string}\"},\"query-input\":\"required name=search_term_string\"}],\"inLanguage\":\"fr-FR\"},{\"@type\":\"Organization\",\"@id\":\"https:\/\/www.intergeneraptions.fr\/#organization\",\"name\":\"interg\u00e9n\u00e9raptions\",\"url\":\"https:\/\/www.intergeneraptions.fr\/\",\"logo\":{\"@type\":\"ImageObject\",\"inLanguage\":\"fr-FR\",\"@id\":\"https:\/\/www.intergeneraptions.fr\/#\/schema\/logo\/image\/\",\"url\":\"https:\/\/www.intergeneraptions.fr\/wp-content\/uploads\/2021\/09\/70ED2AAD-E4F0-432B-B087-18C64C84BBFC.png\",\"contentUrl\":\"https:\/\/www.intergeneraptions.fr\/wp-content\/uploads\/2021\/09\/70ED2AAD-E4F0-432B-B087-18C64C84BBFC.png\",\"width\":800,\"height\":800,\"caption\":\"interg\u00e9n\u00e9raptions\"},\"image\":{\"@id\":\"https:\/\/www.intergeneraptions.fr\/#\/schema\/logo\/image\/\"},\"sameAs\":[\"https:\/\/www.facebook.com\/groups\/356667288938395\/\",\"https:\/\/twitter.com\/geneRAPtions\",\"https:\/\/www.instagram.com\/intergeneraptions\/\",\"https:\/\/www.youtube.com\/channel\/UCmhtTzMznDIWcXqBiviQhbA\"]}]}<\/script>\n<!-- \/ Yoast SEO plugin. -->","yoast_head_json":{"title":"Concours ~ Interg\u00e9n\u00e9RAPtions","robots":{"index":"index","follow":"follow","max-snippet":"max-snippet:-1","max-image-preview":"max-image-preview:large","max-video-preview":"max-video-preview:-1"},"canonical":"https:\/\/www.intergeneraptions.fr\/index.php\/concours\/","og_locale":"fr_FR","og_type":"article","og_title":"Concours ~ Interg\u00e9n\u00e9RAPtions","og_description":"Apr\u00e8s un peu de retard pour des questions techniques, voici enfin les 6 sons retenus pour notre concours \u00ab\u00a0Open track saison 2\u00a0\u00bb. Chaque rappeur a du poser sur une prod du beatmaker Remz! A vous de choisir celui que vous pr\u00e9f\u00e9rez! Les votes sont possibles sur Twitter, Facebook et nous comptabiliserons \u00e9galement les likes de [&hellip;]","og_url":"https:\/\/www.intergeneraptions.fr\/index.php\/concours\/","og_site_name":"Interg\u00e9n\u00e9RAPtions","article_publisher":"https:\/\/www.facebook.com\/groups\/356667288938395\/","article_modified_time":"2021-08-20T17:06:31+00:00","twitter_card":"summary_large_image","twitter_site":"@geneRAPtions","twitter_misc":{"Dur\u00e9e de lecture estim\u00e9e":"1 minute"},"schema":{"@context":"https:\/\/schema.org","@graph":[{"@type":"WebPage","@id":"https:\/\/www.intergeneraptions.fr\/index.php\/concours\/","url":"https:\/\/www.intergeneraptions.fr\/index.php\/concours\/","name":"Concours ~ Interg\u00e9n\u00e9RAPtions","isPartOf":{"@id":"https:\/\/www.intergeneraptions.fr\/#website"},"datePublished":"2021-04-16T15:49:17+00:00","dateModified":"2021-08-20T17:06:31+00:00","breadcrumb":{"@id":"https:\/\/www.intergeneraptions.fr\/index.php\/concours\/#breadcrumb"},"inLanguage":"fr-FR","potentialAction":[{"@type":"ReadAction","target":["https:\/\/www.intergeneraptions.fr\/index.php\/concours\/"]}]},{"@type":"BreadcrumbList","@id":"https:\/\/www.intergeneraptions.fr\/index.php\/concours\/#breadcrumb","itemListElement":[{"@type":"ListItem","position":1,"name":"Accueil","item":"https:\/\/www.intergeneraptions.fr\/"},{"@type":"ListItem","position":2,"name":"Concours"}]},{"@type":"WebSite","@id":"https:\/\/www.intergeneraptions.fr\/#website","url":"https:\/\/www.intergeneraptions.fr\/","name":"Interg\u00e9n\u00e9RAPtions","description":"Le rap, c\u2019\u00e9tait pas mieux avant ! C\u2019est mieux tout le temps !","publisher":{"@id":"https:\/\/www.intergeneraptions.fr\/#organization"},"potentialAction":[{"@type":"SearchAction","target":{"@type":"EntryPoint","urlTemplate":"https:\/\/www.intergeneraptions.fr\/?s={search_term_string}"},"query-input":"required name=search_term_string"}],"inLanguage":"fr-FR"},{"@type":"Organization","@id":"https:\/\/www.intergeneraptions.fr\/#organization","name":"interg\u00e9n\u00e9raptions","url":"https:\/\/www.intergeneraptions.fr\/","logo":{"@type":"ImageObject","inLanguage":"fr-FR","@id":"https:\/\/www.intergeneraptions.fr\/#\/schema\/logo\/image\/","url":"https:\/\/www.intergeneraptions.fr\/wp-content\/uploads\/2021\/09\/70ED2AAD-E4F0-432B-B087-18C64C84BBFC.png","contentUrl":"https:\/\/www.intergeneraptions.fr\/wp-content\/uploads\/2021\/09\/70ED2AAD-E4F0-432B-B087-18C64C84BBFC.png","width":800,"height":800,"caption":"interg\u00e9n\u00e9raptions"},"image":{"@id":"https:\/\/www.intergeneraptions.fr\/#\/schema\/logo\/image\/"},"sameAs":["https:\/\/www.facebook.com\/groups\/356667288938395\/","https:\/\/twitter.com\/geneRAPtions","https:\/\/www.instagram.com\/intergeneraptions\/","https:\/\/www.youtube.com\/channel\/UCmhtTzMznDIWcXqBiviQhbA"]}]}},"jetpack_sharing_enabled":true,"_links":{"self":[{"href":"https:\/\/www.intergeneraptions.fr\/index.php\/wp-json\/wp\/v2\/pages\/18"}],"collection":[{"href":"https:\/\/www.intergeneraptions.fr\/index.php\/wp-json\/wp\/v2\/pages"}],"about":[{"href":"https:\/\/www.intergeneraptions.fr\/index.php\/wp-json\/wp\/v2\/types\/page"}],"author":[{"embeddable":true,"href":"https:\/\/www.intergeneraptions.fr\/index.php\/wp-json\/wp\/v2\/users\/1"}],"replies":[{"embeddable":true,"href":"https:\/\/www.intergeneraptions.fr\/index.php\/wp-json\/wp\/v2\/comments?post=18"}],"version-history":[{"count":10,"href":"https:\/\/www.intergeneraptions.fr\/index.php\/wp-json\/wp\/v2\/pages\/18\/revisions"}],"predecessor-version":[{"id":1450,"href":"https:\/\/www.intergeneraptions.fr\/index.php\/wp-json\/wp\/v2\/pages\/18\/revisions\/1450"}],"wp:attachment":[{"href":"https:\/\/www.intergeneraptions.fr\/index.php\/wp-json\/wp\/v2\/media?parent=18"}],"curies":[{"name":"wp","href":"https:\/\/api.w.org\/{rel}","templated":true}]}}